ds digit of r(4)?
9
Let k(g) = -g**2 - 3*g + 9. Let l = -76 - -76. What is the units digit of k(l)?
9
Suppose -i + 5*v + 97 = -320, -4*i + 1668 = 3*v. What is the tens digit of i?
1
Suppose -13*i + 16077 = 10*i. What is the hundreds digit of i?
6
What is the units digit of 406443/122 + (-3)/2?
0
Let y = 12 + -8. Let x(b) = b**2 + 7*b - 12 - 3*b + y. What is the tens digit of x(-7)?
1
Let q(a) = -a + 9. Let m be q(7). Let v be (m - (-176)/4) + -4. Suppose 0 = -3*y + v + 24. What is the units digit of y?
2
Suppose -48*v = 3890 + 574. Let q = -132 + 286. Let p = q + v. What is the tens digit of p?
6
Let z = 297 + 164. What is the hundreds digit of z?
4
Let q = -32 + 40. Suppose -u - q*u - 63 = 0. Let n(i) = 3*i**2 + 11*i + 7. What is the units digit of n(u)?
7
Let z be (-15783)/11 - ((-78)/(-66) - 1). What is the tens digit of z/(-14) - (-1 + (-3)/(-2))?
0
Let j(q) = 7*q**3 - 26*q**2 + q + 13. What is the thousands digit of j(8)?
1
Suppose -5*p - 457 = -3*x, -4*x + 2*p - 4*p + 644 = 0. What is the units digit of x?
9
Let w(u) = u**2 - 11*u + 75. What is the hundreds digit of w(-27)?
1
Let n = 44 - 148. Let q = -43 - n. What is the tens digit of q?
6
Let r(t) = 18*t - 2. Let m be r(-1). Let c be -3 - (-4 + -3) - m. Suppose 2*v - 5*v = -c. What is the units digit of v?
8
What is the hundreds digit of (-8)/6*107529/(-146)?
9
Let t(a) = -61*a + 94. What is the units digit of t(-10)?
4
Let b(d) = d + 1. Let a(f) be the first derivative of -f**4/4 + 8*f**3/3 - 7*f**2/2 + 5*f + 3. Let i be a(7). What is the units digit of b(i)?
6
What is the units digit of (5/3)/((-7390)/(-1230) - 6)?
5
Let j(g) = -18*g - 13. Let l(f) = 54*f + 40. Let n(k) = 8*j(k) + 3*l(k). What is the tens digit of n(8)?
6
Suppose h = -h + 256. Suppose 5*q + g + 2*g = 638, q = -g + h. What is the tens digit of q?
2
Suppose 0*k = -4*k - q + 40, q = -5*k + 51. Suppose -6*c - 335 = -k*c. What is the units digit of c?
7
Let l be ((-60)/25)/(2/255). Let a = l + 32. What is the units digit of (-2)/(-6) + a/(-6)?
6
Let z(b) be the first derivative of b**4/4 - b**3/3 - b**2 + 10. What is the tens digit of z(4)?
4
Let h(u) = -6*u + 0 - 3 + 9 - 38*u. What is the tens digit of h(-2)?
9
Let c(o) = -35 + 51*o - 31*o - 29*o. What is the units digit of c(-11)?
4
Let t = -991 - -1623. Suppose 7*j + 121 - t = 0. What is the tens digit of j?
7
Suppose -50 = -4*g - 198. Let d = 144 + g. What is the tens digit of d?
0
What is the tens digit of (-49)/(-42)*-64*(1 + -10)?
7
Let j = -501 - -840. What is the units digit of j?
9
Let x(r) be the third derivative of 3*r**4/8 + 3*r**3 + 17*r**2. What is the tens digit of x(8)?
9
Let c(u) = 2*u**2 + 19*u - 11. Let p(j) = j**2 + 9*j - 6. Let n(k) = 6*c(k) - 11*p(k). Let r be n(-12). Let l = -18 - r. What is the units digit of l?
8
Let v = 3893 - 1506. What is the hundreds digit of v?
3
Suppose 126 = 18*g - 22*g + 3*k, 10 = -5*k. Suppose 0 = 3*n + 3*b - 12, 2*b + 5 = 3*n - 7. Let y = n - g. What is the tens digit of y?
3
What is the tens digit of (-30)/(-4)*(-308)/(-5)?
6
Let d = 122 - 62. Let f = 36 + -60. Let w = d + f. What is the tens digit of w?
3
Let a(d) be the first derivative of -3*d**2 - 6*d + 1. Let t be a(5). Let r = t - -75. What is the units digit of r?
9
Suppose 23904 = 33*y - 79914. What is the units digit of y?
6
Let u = -15 + 17. Suppose 0 = -u*q + 2, 3*q + 85 = -c + 3*c. What is the tens digit of c?
4
Let x(f) = -6*f - 3. Suppose -2*j = 10 + 10. What is the units digit of x(j)?
7
Suppose -52*h + 42*h = -190. What is the tens digit of h?
1
Let t(g) = g**3 + 11*g**2 - g - 11. Let a be t(-11). Suppose -5*i + 2*p = -a*p - 107, 3*i = -2*p + 61. What is the units digit of i?
1
Let i be 1634/14 + 22/77. Let p(c) = -c**3 + 7*c**2 + 3. Let l be p(7). Suppose -l*u = -0*u - i. What is the tens digit of u?
3
Let i be (-4)/14 - (-116)/14. Let q be (0 + -18)*(-4)/i. Suppose 10*s - q*s = 10. What is the units digit of s?
0
Let c(q) = 93*q - 11. Let l be c(-7). Let n = 956 + l. What is the units digit of n?
4
Let v = -1873 - -2789. What is the units digit of v?
6
Let f = -2672 + 5323. What is the tens digit of f?
5
Suppose -10*y + 42 = -7*y. Suppose -33 = -2*d + 5*d. Let n = y - d. What is the tens digit of n?
2
Suppose k - 1 = 3*j, 5*k = 5*j + 3 + 2. Suppose q - 1 - k = 0. Suppose -7*z + q*z + 145 = 0. What is the units digit of z?
9
Let w = -140 + -46. Let f = 270 + w. What is the units digit of f?
4
Let q(v) = -2*v - 14. Let s be q(-8). Suppose 0 = s*c + 3*c + g - 40, 2*c = -3*g + 29. Let f(j) = 5*j - 6. What is the units digit of f(c)?
9
Suppose -2*p - 11 = -s, -p = 2*s - 6 - 1. Let v = -16 - -19. Suppose -2*q + 2*h = q - 59, -v*h + 111 = s*q. What is the tens digit of q?
2
Let w be (2 - 0) + 6 + 2. Let k(t) be the third derivative of -t**5/60 + 11*t**4/24 + 2*t**2. What is the units digit of k(w)?
0
Let u(f) be the first derivative of -25*f**2 - f + 14. What is the units digit of u(-1)?
9
Let r = 181 - 59. Let u(p) = 11*p + 16. Let a be u(15). Let x = a - r. What is the units digit of x?
9
Let s(w) = -4*w**2 + w + 1734. What is the hundreds digit of s(0)?
7
Suppose 25*o + 17*o = 145152. What is the thousands digit of o?
3
Let t(v) = -v**2 - 4*v + 2. Let g(c) = 6*c**2 + 2*c - 1. Let j be g(1). Suppose -j - 1 = 2*k. What is the units digit of t(k)?
2
Let h = -22 - 12. Let a = 54 + h. What is the tens digit of a?
2
Let v = 1518 - 919. Suppose 0 = -2*y + 3*y + 2*u - 146, -4*y - 5*u + v = 0. What is the tens digit of y?
5
Let n(c) = -87*c - 32. What is the tens digit of n(-8)?
6
Suppose 61*q = 66*q - 515. What is the units digit of q?
3
Suppose -18*s + 697 = -16*s + 5*t, 0 = 2*s - 4*t - 742. What is the hundreds digit of s?
3
Let v be (-270)/(-35) + (-2)/(-7). Suppose -3*f - 12 = -5*a, -v*a + 4*a + 2*f = -8. What is the units digit of 4 - 7 - (a - 27)?
4
Let y = 46 - 34. What is the tens digit of (33/12)/(1/y)?
3
Suppose -5*n + 4*n - 17 = 0. Let s = 31 - -1. Let v = n + s. What is the tens digit of v?
1
Let i(c) be the third derivative of 10*c**2 + 0*c + 4/3*c**3 - 1/6*c**4 + 1/60*c**5 + 0. What is the units digit of i(-5)?
3
Suppose -4*f + 0 = 36. Suppose 14*m - 1041 = -271. Let s = m + f. What is the units digit of s?
6
Let k(a) = -31*a + 12. Let p be k(8). What is the hundreds digit of (18 - p)*(0 - 2/(-4))?
1
Suppose 5*l + 2*d = -30, -1 = -2*d + 9. Let n(y) be the third derivative of y**5/60 + 7*y**4/24 + 2*y**3 + 2*y**2. What is the units digit of n(l)?
0
Let g(c) = 4*c**3 - 17*c**2 - 10*c - 64. What is the tens digit of g(12)?
8
Let i = -2092 + 3778. What is the thousands digit of i?
1
Let m = -559 + 1453. What is the tens digit of m?
9
What is the units digit of -56*((-3280)/(-7))/(-10)?
4
Let k be (2 - (-2 + 0))*4. Let d(i) = 19*i**2 - 3 + 8*i - k*i + 10*i. What is the units digit of d(-2)?
9
Let c be (27 + -1)*(-6)/(-4). Let v = -14 + c. Let u = v - 14. What is the tens digit of u?
1
Let m(l) = -27*l - 17. What is the hundreds digit of m(-8)?
1
Suppose 0 = -28*v + 40357 + 67891. What is the thousands digit of v?
3
Let o(x) = 513*x - 40. What is the tens digit of o(1)?
7
Suppose -5*i = 5*s - 25, 2*i - 4*i + 14 = 4*s. Let b(x) = 23*x - 7. What is the units digit of b(s)?
9
Suppose -2*s + 5*s - 921 = -4*i, 2*s + 3*i = 615. Suppose -m + 4*o = -162, -o = -3*m + m + s. What is the hundreds digit of m?
1
Suppose 0 = 4*a - 2*u - u - 13, 0 = -a + 4*u. Suppose -a*w + 675 = 251. Suppose -w + 36 = -5*q. What is the units digit of q?
4
Suppose 5868 = 24*q - 21*q. What is the thousands digit of q?
1
Let f(s) = -s**2 + 2*s + 20. Let n be f(5). Suppose n*r = 10, -4*r = -3*p + 7*p - 684. What is the tens digit of p?
6
Suppose -8*d + 149 = -155. Let f = d - -97. What is the units digit of f?
5
Let f be (1/(-4))/(4/(-80)). Suppose -f*a = -2*a - 462. What is the tens digit of a?
5
Suppose -y = -0*p - 3*p - 142, -3*p = 5*y - 656. Suppose 5*l = -5 - 0, -l - y = -n. Suppose -i + 0 = 4*a - 18, 4*i - n = -4*a. What is the units digit of i?
8
Let k be (-12)/(-3 - 10/(-6)). Let u = k - -74. What is the tens digit of u?
8
Let f(r) = -3*r**3 - 11*r**2 - 8*r - 8. What is the units digit of f(-7)?
8
Let m(k) = k - 2. Let c = 7 + -3. Let i be m(c). Suppose -g + 2*w = -15, -i*g + 12 = 4*w - 2*w. What is the units digit of g?
9
What is the thousands digit of ((-3677)/(-3) - -3) + 1